greatest common factor of 6272 and n?
128
Suppose -3*u - 9 = -51. Let h be (-2)/(-6*(0 - 1/6)). Let q be (6 - 6)/(h/1) - -98. What is the greatest common factor of u and q?
14
Let c(j) = 5*j**2 + 52*j - 494. Let x be c(20). What is the greatest common divisor of 266 and x?
38
Let x be -2*26/(-130)*(620 + 0). What is the greatest common factor of x and 248?
248
Let y(o) = -o - 33 - 16*o + 22 + 23. Let h be y(-3). Let z be (96/128)/(1/12). What is the greatest common divisor of z and h?
9
Suppose -4*t - 276 - 300 = 0. Let s be (-322)/(-12) - 24/t. Suppose 0 = -5*q + 62 + 343. What is the highest common divisor of q and s?
27
Suppose -623 = 202*a - 9511. Calculate the greatest common factor of a and 4444.
44
Let o(s) = -10*s**2 - 27*s + 222. Let y be o(-6). Calculate the highest common divisor of y and 32076.
12
Suppose 6*q + 32 = 8*q. Let z = 9394 - 9250. Calculate the highest common divisor of q and z.
16
Suppose v + 4*m - 16 = 2*v, -5*v + 4*m = 0. Suppose -272 = -v*u - 216. Suppose 3*o - 4*o = -u. Calculate the highest common divisor of 49 and o.
7
Suppose 3*t - 14 = -2*u, -t - 4*u - 52 = -5*t. Let j(v) = v**3 - 8*v**2 + v - 6. Let y be j(t). Let s = 63 - 60. Calculate the highest common factor of s and y.
1
Let j = -4324 + 4335. What is the highest common factor of 3487 and j?
11
Let o(j) = -2748*j - 159. Let k be o(-2). What is the greatest common factor of k and 9?
9
Let d be (-23)/(((-3)/(-4))/(375/(-250))). Let v(s) = s**2 - 2. Let k be v(5). What is the highest common divisor of d and k?
23
Suppose 0 = 19*w - 15895 + 1569. Calculate the highest common divisor of 464 and w.
58
Let q = 1316 - 1315. Calculate the highest common factor of q and 89.
1
Let n(a) = -260*a + 5888. Let c be n(22). What is the highest common divisor of c and 4816?
56
Let r(i) = 2*i**2 - 81*i - 189. Let n be r(43). Calculate the highest common factor of n and 1118.
26
Suppose -3*p + 920 = 296. Let u = p - -472. Calculate the greatest common factor of 80 and u.
40
Suppose 11*f - 11403 + 1305 = 0. What is the greatest common divisor of f and 216?
54
Let n(a) = 5*a**2 - 17*a + 1. Let l be n(4). Suppose -l*m + 2219 + 784 = 0. Let z = m + -127. What is the greatest common divisor of 13 and z?
13
Suppose 68*g = 70*g - 6. Suppose g*u - 6*u = -45. Calculate the greatest common divisor of u and 60.
15
Suppose -256*f - 60*f + 2212 = 0. Calculate the greatest common divisor of f and 6769.
7
Let x = 170 + 950. Suppose x = 13*y - 5*y. What is the greatest common divisor of y and 20?
20
Let t be ((-4)/(-10))/(122/3357440). Calculate the greatest common factor of 86 and t.
86
Suppose 3*u + 564 = 5*u - 3*c, -u = -3*c - 288. What is the greatest common divisor of u and 92?
92
Suppose -90 = -0*n - 2*n. Let x(c) = -10*c**2 - 76*c + 276. Let s be x(-10). Calculate the highest common factor of s and n.
9
Let h = -7402 - -8778. Calculate the highest common divisor of h and 172.
172
Let x = -410 - -413. Let h be (-1)/(2/(-2))*x. What is the greatest common factor of 96 and h?
3
Let a(c) = -c + 124. Let m = 247 + -284. Let k be a(m). Suppose 70 = -5*i + 185. What is the highest common factor of i and k?
23
Let r(k) = -1365*k + 4209. Let w be r(3). Let a(p) = -p**2 - 10*p - 7. Let u be a(-5). Calculate the highest common divisor of w and u.
6
Let s be 936/30 + 3/(-15). Let g = s - 29. Suppose 2*x = 6*x - g*b - 54, 4*x + 5*b - 47 = 0. Calculate the greatest common factor of x and 52.
13
Suppose 33*o = 30*o + 6. Let p be 238/(-34) + (363 - o). What is the highest common factor of 6 and p?
6
Let w(v) = -2*v**2 - 124*v - 341. Let g be w(-59). Let x = -140 - -257. What is the highest common factor of g and x?
13
Let s = -3996 + 4001. Let y(a) = a + 7. Let j be y(-4). Let r(c) = 2*c**3 - 4*c**2 + 2*c - 4. Let v be r(j). Calculate the greatest common factor of v and s.
5
Suppose -2*s + 2 = 8. Let y = s + 14. Suppose 64 = 15*u - y*u. Calculate the greatest common factor of u and 176.
16
Let n be (-9 - -18)*(93/9 + -2). Calculate the greatest common factor of n and 405.
15
Let k be (984/40*2)/(-5 + (-212)/(-40)). What is the greatest common divisor of k and 76?
4
Suppose 152 = 4*y + 4*r, -3*r = -21 + 9. Let h = -65 - -33. Let u = h + y. Calculate the greatest common divisor of 2 and u.
2
Suppose -y + 3*y = -14*u + 3266, u + 3*y = 219. Calculate the greatest common divisor of 104 and u.
26
Let g be (0/3 + -22)*(-20)/(-8). Let b be (-51)/2*(g + 49). Calculate the highest common factor of b and 17.
17
Suppose -20 = 5*i, 0 = -2*r + 5*i + 4 + 10. Let y be 3 - -1*(r + 5). Let j be 0 + (4/10 - (-103)/y). Calculate the greatest common divisor of 21 and j.
21
Suppose -5 = n - 2*n. Suppose -4*d - 13 = 4*c - 9*d, 5*c = -5*d - n. Let b = c + 16. What is the greatest common divisor of b and 154?
14
Suppose 53*o - 65*o + 276 = 0. Let m(w) = 6 + 0 - 9*w + 5*w**2 - 23*w - 3*w**2. Let t be m(o). What is the greatest common divisor of 41 and t?
41
Let h be (86/(-3))/(112/(-3360)). What is the highest common factor of 2838 and h?
86
Let n(f) = 249*f**2 - 2. Let r be n(2). Let o be r/10 - (-4)/(-10). Let b = -557111 + 557120. Calculate the greatest common factor of o and b.
9
Suppose s = 12 - 36. Let o be (s/(-18))/((-2)/(-81)). Calculate the greatest common factor of o and 108.
54
Let y = -7223 + 7863. Calculate the highest common factor of 120 and y.
40
Suppose -2*c = -11*a + 14*a - 9, -5*a = 5*c - 15. Suppose 0 = -5*f + 3*q + 129, q + a = -0*q. What is the greatest common factor of 112 and f?
8
Let y(a) = -3*a**2 - 49*a + 34. Let w be y(-25). Let t = -511 - w. Calculate the greatest common factor of 245 and t.
35
Let h be -42*(-2)/8*2. Let o be (-7)/2*(-70)/245 + 2. Calculate the greatest common factor of h and o.
3
Let v = 604 + -216. Let z = v - 334. Suppose 6 + 0 = b. Calculate the greatest common factor of z and b.
6
Suppose 0 = -3*j + 4*z + 304, 4*j = -0*j + 2*z + 412. Suppose -9*a - j = -545. Let n = 58 - a. Calculate the greatest common divisor of n and 63.
9
Suppose 2*i + 2*a = -2*a + 84, i - a = 30. Let u = -19 + i. Let t be 411/u - 6/(-10). Calculate the highest common divisor of 7 and t.
7
Let j = -47 + 44. Let g(n) = 3*n + 9. Let u be g(j). Suppose v - 10 - 10 = u. What is the greatest common divisor of 4 and v?
4
Let f be (-421)/(-4) + 4/(-16). Suppose 25 = 5*y - f. Suppose 10*i - 3*b - 13 = 5*i, 3*i = -4*b + 2. What is the highest common factor of i and y?
2
Let v be (-1 - -4) + (-4 - 5). Let o(k) = -k**3 - 3*k**2 - 2*k - 32. Let d be o(v). What is the greatest common factor of 8 and d?
8
Suppose 13*i - 135168 = -115*i. Calculate the greatest common divisor of 143 and i.
11
Let f = 13380 + -9865. Calculate the greatest common factor of 1295 and f.
185
Let o(d) be the second derivative of -23*d**3/2 - 10*d**2 + 43*d. Let g be o(-4). Calculate the greatest common divisor of 8 and g.
8
Let g(j) = 42*j - 116. Let p be g(3). Suppose 6*v - p*v = -152. Let d(i) = 11*i - 6. Let r be d(4). Calculate the highest common divisor of v and r.
38
Let m = -15 + 0. Let v be ((-180)/(-25))/((-1)/m). Let d = -97 + v. Calculate the greatest common divisor of d and 1.
1
Suppose 9*g = -9*g + 2178. Suppose 4*k + 148 = 4*w, 17*w = 20*w + 2*k - g. Calculate the highest common divisor of 52 and w.
13
Let k = -1436 - -2418. Suppose -3*s + 4*c + 571 = -7, -2*c = -5*s + k. Calculate the highest common factor of 18 and s.
18
Let m = 17642 + -11324. Calculate the highest common divisor of 39 and m.
39
Suppose 25 = -5*p, 9*x - 4*p + 2425 = 14*x. Calculate the highest common divisor of 3 and x.
3
Suppose 3*w - 5*h - 1556 = 0, -13*h - 10 = -15*h. What is the highest common divisor of w and 34?
17
Let v be 120/3 + -16 + 20. Suppose 0 = -2*k - 2*w + v, 0 = k + 3*w - 1 - 17. Let c be ((-4)/(-6))/(2/648). What is the highest common divisor of c and k?
24
Let n(d) = 3406*d**2 - 370*d - 735. Let c be n(-2). What is the highest common divisor of c and 66?
33
Let l = -22 + 90. Let r be 22944/336 - (-2)/28*(-1 - 3). What is the greatest common divisor of l and r?
68
Suppose 0 = -2*k + 75 + 45. Suppose -26689 - 2291 = -22*w - 116*w. What is the greatest common divisor of w and k?
30
Suppose -705 = -z - 4*z - 2*h, -128 = -z - 3*h. Let u be ((-2286)/(-81) + -27)*9. Calculate the greatest common divisor of z and u.
11
Suppose 33*f = 1693 + 523